{"id":32,"date":"2017-04-02T03:34:41","date_gmt":"2017-04-02T01:34:41","guid":{"rendered":"http:\/\/ak.gibts.net\/wordpress\/?page_id=32"},"modified":"2017-09-18T16:40:55","modified_gmt":"2017-09-18T14:40:55","slug":"willkommen","status":"publish","type":"page","link":"http:\/\/adolfo-kolping.de\/wordpress\/","title":{"rendered":"Willkommen"},"content":{"rendered":"<p><a href=\"http:\/\/adolfo-kolping.de\/wordpress\/wp-content\/uploads\/2017\/04\/Willkommen-1.jpg\"><img loading=\"lazy\" class=\"wp-image-145 size-medium alignright\" src=\"http:\/\/adolfo-kolping.de\/wordpress\/wp-content\/uploads\/2017\/04\/Willkommen-1-300x171.jpg\" alt=\"\" width=\"300\" height=\"171\" srcset=\"http:\/\/adolfo-kolping.de\/wordpress\/wp-content\/uploads\/2017\/04\/Willkommen-1-300x171.jpg 300w, http:\/\/adolfo-kolping.de\/wordpress\/wp-content\/uploads\/2017\/04\/Willkommen-1-768x439.jpg 768w, http:\/\/adolfo-kolping.de\/wordpress\/wp-content\/uploads\/2017\/04\/Willkommen-1-1024x585.jpg 1024w\" sizes=\"(max-width: 300px) 100vw, 300px\" \/><\/a><\/p>\n<p>Die <strong>Adolfo-Kolping-Schule<\/strong> liegt im Andenhochland Ecuadors, im Dorf Yaruqu\u00edes, direkt unter dem h\u00f6chsten Berg des Landes, dem Chimborazo. Die Schule bietet f\u00fcr Kinder und Jugendliche der \u00e4rmeren Bev\u00f6lkerungsschicht der Region:<\/p>\n<ul>\n<li>eine ganzheitliche Schulbildung von der 1. bis zur 13. Klasse<\/li>\n<li>eine berufliche Zusatzausbildung in drei Fachrichtungen von der 8. Klasse an<\/li>\n<li>Fr\u00fchst\u00fcck und Mittagessen<\/li>\n<\/ul>\n<p>&nbsp;<\/p>\n<p><a href=\"http:\/\/adolfo-kolping.de\/wordpress\/wp-content\/uploads\/2017\/04\/Willkommen2-1.jpg\"><img loading=\"lazy\" class=\"wp-image-143 size-medium alignright\" src=\"http:\/\/adolfo-kolping.de\/wordpress\/wp-content\/uploads\/2017\/04\/Willkommen2-1-300x202.jpg\" alt=\"\" width=\"300\" height=\"202\" srcset=\"http:\/\/adolfo-kolping.de\/wordpress\/wp-content\/uploads\/2017\/04\/Willkommen2-1-300x202.jpg 300w, http:\/\/adolfo-kolping.de\/wordpress\/wp-content\/uploads\/2017\/04\/Willkommen2-1-768x516.jpg 768w, http:\/\/adolfo-kolping.de\/wordpress\/wp-content\/uploads\/2017\/04\/Willkommen2-1-1024x689.jpg 1024w, http:\/\/adolfo-kolping.de\/wordpress\/wp-content\/uploads\/2017\/04\/Willkommen2-1.jpg 1276w\" sizes=\"(max-width: 300px) 100vw, 300px\" \/><\/a><\/p>\n<p>Gegr\u00fcndet wurde die Schule im Jahr 2000 vom ehemaligen L\u00f6rracher Pfarrer Wolfgang Schaft w\u00e4hrend seines neunj\u00e4hrigen seelsorgerischen Einsatzes in Ecuador. Zusammen mit engagierten Menschen aus <strong>Deutschland, der Schweiz, Spanien und Ecuador<\/strong> f\u00fchren wir sein Schulprojekt nach seinem Tod im Jahr 2010 weiter.<\/p>\n<p>&nbsp;<\/p>\n<p><strong><a href=\"http:\/\/adolfo-kolping.de\/wordpress\/wp-content\/uploads\/2017\/04\/Willkommen4-1.jpg\"><img loading=\"lazy\" class=\"alignleft wp-image-144 size-medium\" src=\"http:\/\/adolfo-kolping.de\/wordpress\/wp-content\/uploads\/2017\/04\/Willkommen4-1-300x173.jpg\" alt=\"\" width=\"300\" height=\"173\" srcset=\"http:\/\/adolfo-kolping.de\/wordpress\/wp-content\/uploads\/2017\/04\/Willkommen4-1-300x173.jpg 300w, http:\/\/adolfo-kolping.de\/wordpress\/wp-content\/uploads\/2017\/04\/Willkommen4-1.jpg 640w\" sizes=\"(max-width: 300px) 100vw, 300px\" \/><\/a>Die Schule<\/strong><\/p>\n<p>ist eine nicht-staatliche soziale Einrichtung, vom ecuadorianischen Erziehungsministerium genehmigt, aber ohne staatliche Unterst\u00fctzung. Deshalb ist die Schule ganz von Spenden abh\u00e4ngig. Wir sind ein Projekt des Kindermissionswerks\u201a<strong> &#8222;Die Sternsinger&#8220;<\/strong>&nbsp;<\/p>\n<p><a href=\"http:\/\/adolfo-kolping.de\/wordpress\/?page_id=29\"><em>Lesen sie mehr \u00fcber die Schule&#8230;<\/em><\/a><\/p>\n<p><strong><br \/>\nUnsere Vision<br \/>\n<\/strong>Wir wollen mit einer ganzheitlichen Schul- und Berufsausbildung unsere Sch\u00fclerinnen und Sch\u00fcler bef\u00e4higen, ein selbstbestimmtes Leben in W\u00fcrde zu f\u00fchren. Unser Ziel ist es, die sozio\u00f6konomische Entwicklung der Familien, und damit der Region, positiv zu beeinflussen und ihre Situation zu verbessern.<\/p>\n<p>&nbsp;<\/p>","protected":false},"excerpt":{"rendered":"<p>Die Adolfo-Kolping-Schule liegt im Andenhochland Ecuadors, im Dorf Yaruqu\u00edes, direkt unter dem h\u00f6chsten Berg des Landes, dem Chimborazo. Die Schule bietet f\u00fcr Kinder und Jugendliche der \u00e4rmeren Bev\u00f6lkerungsschicht der Region: eine ganzheitliche Schulbildung von der 1. bis zur 13. Klasse<\/p>\n","protected":false},"author":1,"featured_media":0,"parent":0,"menu_order":0,"comment_status":"closed","ping_status":"closed","template":"","meta":{"ngg_post_thumbnail":0},"_links":{"self":[{"href":"http:\/\/adolfo-kolping.de\/wordpress\/index.php?rest_route=\/wp\/v2\/pages\/32"}],"collection":[{"href":"http:\/\/adolfo-kolping.de\/wordpress\/index.php?rest_route=\/wp\/v2\/pages"}],"about":[{"href":"http:\/\/adolfo-kolping.de\/wordpress\/index.php?rest_route=\/wp\/v2\/types\/page"}],"author":[{"embeddable":true,"href":"http:\/\/adolfo-kolping.de\/wordpress\/index.php?rest_route=\/wp\/v2\/users\/1"}],"replies":[{"embeddable":true,"href":"http:\/\/adolfo-kolping.de\/wordpress\/index.php?rest_route=%2Fwp%2Fv2%2Fcomments&post=32"}],"version-history":[{"count":17,"href":"http:\/\/adolfo-kolping.de\/wordpress\/index.php?rest_route=\/wp\/v2\/pages\/32\/revisions"}],"predecessor-version":[{"id":507,"href":"http:\/\/adolfo-kolping.de\/wordpress\/index.php?rest_route=\/wp\/v2\/pages\/32\/revisions\/507"}],"wp:attachment":[{"href":"http:\/\/adolfo-kolping.de\/wordpress\/index.php?rest_route=%2Fwp%2Fv2%2Fmedia&parent=32"}],"curies":[{"name":"wp","href":"https:\/\/api.w.org\/{rel}","templated":true}]}}