{"id":69,"date":"2017-04-02T05:36:38","date_gmt":"2017-04-02T03:36:38","guid":{"rendered":"http:\/\/ak.gibts.net\/wordpress\/?page_id=69"},"modified":"2017-04-06T05:51:39","modified_gmt":"2017-04-06T03:51:39","slug":"unsere-kinder-und-jugendlichen","status":"publish","type":"page","link":"http:\/\/adolfo-kolping.de\/wordpress\/?page_id=69","title":{"rendered":"Unsere Kinder und Jugendlichen"},"content":{"rendered":"<p><strong>Eine typische Ind\u00edgena-Familie <\/strong><\/p>\n<p><strong><a href=\"http:\/\/ak.gibts.net\/wordpress\/wp-content\/uploads\/2017\/04\/Indi\u0301gena-Familie.jpg\"><img loading=\"lazy\" class=\"alignleft size-medium wp-image-81\" src=\"http:\/\/ak.gibts.net\/wordpress\/wp-content\/uploads\/2017\/04\/Indi\u0301gena-Familie-300x243.jpg\" alt=\"\" width=\"300\" height=\"243\" srcset=\"http:\/\/adolfo-kolping.de\/wordpress\/wp-content\/uploads\/2017\/04\/Indi\u0301gena-Familie-300x243.jpg 300w, http:\/\/adolfo-kolping.de\/wordpress\/wp-content\/uploads\/2017\/04\/Indi\u0301gena-Familie-768x622.jpg 768w, http:\/\/adolfo-kolping.de\/wordpress\/wp-content\/uploads\/2017\/04\/Indi\u0301gena-Familie-1024x829.jpg 1024w, http:\/\/adolfo-kolping.de\/wordpress\/wp-content\/uploads\/2017\/04\/Indi\u0301gena-Familie.jpg 1134w\" sizes=\"(max-width: 300px) 100vw, 300px\" \/><\/a>Gut lachen hat diese Ind\u00edgena-Familie in \u201eAgua Santa\u201c, einem Bergdorf hoch oben in den Anden, denn die drei \u00e4ltesten Kinder Jorge, Carlos und Ver\u00f3nica haben in der Adolfo-Kolping-Schule die M\u00f6glichkeit, einen Beruf zu erlernen!<\/strong><strong>&nbsp;<\/strong><\/p>\n<p>Auf dem Foto sind die Gro\u00dfeltern, die junge Mutter und ihre vier Kinder zu sehen. Der Vater fehlt: er arbeitet als Tagel\u00f6hner auf einer Baustelle in der 4 Busstunden entfernten Hauptstadt Quito. Er lebt dort unter f\u00fcr uns unvorstellbaren Bedingungen und kann nur einmal im Monat \u00fcbers Wochenende nach Hause kommen. Sein geringer Verdienst reicht gerade f\u00fcr das N\u00f6tigste.<\/p>\n<p>Die Familie wohnt in der Lehmh\u00fctte der Gro\u00dfeltern auf etwa 3800 m H\u00f6he. &nbsp;Die Behausung ist traditionell mit Stroh gedeckt, im ganzen Dorf gibt es nur einen Wasseranschluss. Strom ist vorhanden. Die Familie spricht&nbsp; Quichua, nur die Kinder haben Spanisch gelernt.<\/p>\n<p><a href=\"http:\/\/ak.gibts.net\/wordpress\/wp-content\/uploads\/2017\/04\/Foto-3.jpg\"><img loading=\"lazy\" class=\"alignright size-medium wp-image-84\" src=\"http:\/\/ak.gibts.net\/wordpress\/wp-content\/uploads\/2017\/04\/Foto-3-300x225.jpg\" alt=\"\" width=\"300\" height=\"225\" srcset=\"http:\/\/adolfo-kolping.de\/wordpress\/wp-content\/uploads\/2017\/04\/Foto-3-300x225.jpg 300w, http:\/\/adolfo-kolping.de\/wordpress\/wp-content\/uploads\/2017\/04\/Foto-3-768x576.jpg 768w, http:\/\/adolfo-kolping.de\/wordpress\/wp-content\/uploads\/2017\/04\/Foto-3-1024x768.jpg 1024w, http:\/\/adolfo-kolping.de\/wordpress\/wp-content\/uploads\/2017\/04\/Foto-3.jpg 1134w\" sizes=\"(max-width: 300px) 100vw, 300px\" \/><\/a>Rings um die H\u00fctte besitzen die Gro\u00dfeltern ein St\u00fcckchen Land, auf dem die Familie Mais, Bohnen und Getreide f\u00fcr den Eigenverbrauch anbaut. Da sie das Land nicht bew\u00e4ssern k\u00f6nnen, sind sie auf den sp\u00e4rlichen Regen angewiesen. Die Asche, die der nahe Vulkan t\u00e4glich ausspuckt, macht zeitweise die Ernteertr\u00e4ge ungenie\u00dfbar. Ein paar Meerschweinchen (Nutztiere in Ecuador, die zum Verzehr gehalten werden), Schweine, H\u00fchner und eine Kuh geh\u00f6ren auch zu der kleinen Selbstversorger-Landwirtschaft.<\/p>\n<p>Der Schulweg der Kinder zur Adolfo-Kolping-Schule betr\u00e4gt etwa 45 Minuten bergab im Laufschritt. Bergauf nach Hause dauert es dann \u00fcber eine Stunde.&nbsp; Morgens um 6.15 Uhr verlassen sie ihre H\u00fctte und kommen erst gegen 17.00 Uhr nach Hause, kurz vor dem Dunkelwerden. Jorge und Carlos wollen Schreiner werden, Ver\u00f3nica macht eine Ausbildung im Fachbereich Gastronomie\/K\u00fcche, um sp\u00e4ter als K\u00f6chin in einem Restaurant arbeiten zu k\u00f6nnen. Der gr\u00f6\u00dfte Wunsch der Jugendlichen ist es, eine gute Arbeitsstelle zu bekommen, sozialversichert zu sein und die Familie zu unterst\u00fctzen. Dann k\u00f6nnte auch der Vater sein unw\u00fcrdiges Leben als Tagel\u00f6hner aufgeben und mit der Familie leben.<\/p>\n<p>&nbsp;<\/p>","protected":false},"excerpt":{"rendered":"<p>Eine typische Ind\u00edgena-Familie Gut lachen hat diese Ind\u00edgena-Familie in \u201eAgua Santa\u201c, einem Bergdorf hoch oben in den Anden, denn die drei \u00e4ltesten Kinder Jorge, Carlos und Ver\u00f3nica haben in der Adolfo-Kolping-Schule die M\u00f6glichkeit, einen Beruf zu erlernen!&nbsp; Auf dem Foto<\/p>\n","protected":false},"author":1,"featured_media":0,"parent":0,"menu_order":0,"comment_status":"closed","ping_status":"closed","template":"","meta":{"ngg_post_thumbnail":0},"_links":{"self":[{"href":"http:\/\/adolfo-kolping.de\/wordpress\/index.php?rest_route=\/wp\/v2\/pages\/69"}],"collection":[{"href":"http:\/\/adolfo-kolping.de\/wordpress\/index.php?rest_route=\/wp\/v2\/pages"}],"about":[{"href":"http:\/\/adolfo-kolping.de\/wordpress\/index.php?rest_route=\/wp\/v2\/types\/page"}],"author":[{"embeddable":true,"href":"http:\/\/adolfo-kolping.de\/wordpress\/index.php?rest_route=\/wp\/v2\/users\/1"}],"replies":[{"embeddable":true,"href":"http:\/\/adolfo-kolping.de\/wordpress\/index.php?rest_route=%2Fwp%2Fv2%2Fcomments&post=69"}],"version-history":[{"count":3,"href":"http:\/\/adolfo-kolping.de\/wordpress\/index.php?rest_route=\/wp\/v2\/pages\/69\/revisions"}],"predecessor-version":[{"id":107,"href":"http:\/\/adolfo-kolping.de\/wordpress\/index.php?rest_route=\/wp\/v2\/pages\/69\/revisions\/107"}],"wp:attachment":[{"href":"http:\/\/adolfo-kolping.de\/wordpress\/index.php?rest_route=%2Fwp%2Fv2%2Fmedia&parent=69"}],"curies":[{"name":"wp","href":"https:\/\/api.w.org\/{rel}","templated":true}]}}

<p><strong>Eine typische Indígena-Familie </strong></p>
<p><strong><a href="http://ak.gibts.net/wordpress/wp-content/uploads/2017/04/Indígena-Familie.jpg"><img loading="lazy" class="alignleft size-medium wp-image-81" src="http://ak.gibts.net/wordpress/wp-content/uploads/2017/04/Indígena-Familie-300x243.jpg" alt="" width="300" height="243" srcset="http://adolfo-kolping.de/wordpress/wp-content/uploads/2017/04/Indígena-Familie-300x243.jpg 300w, http://adolfo-kolping.de/wordpress/wp-content/uploads/2017/04/Indígena-Familie-768x622.jpg 768w, http://adolfo-kolping.de/wordpress/wp-content/uploads/2017/04/Indígena-Familie-1024x829.jpg 1024w, http://adolfo-kolping.de/wordpress/wp-content/uploads/2017/04/Indígena-Familie.jpg 1134w" sizes="(max-width: 300px) 100vw, 300px" /></a>Gut lachen hat diese Indígena-Familie in „Agua Santa“, einem Bergdorf hoch oben in den Anden, denn die drei ältesten Kinder Jorge, Carlos und Verónica haben in der Adolfo-Kolping-Schule die Möglichkeit, einen Beruf zu erlernen!</strong><strong>&nbsp;</strong></p>
<p>Auf dem Foto sind die Großeltern, die junge Mutter und ihre vier Kinder zu sehen. Der Vater fehlt: er arbeitet als Tagelöhner auf einer Baustelle in der 4 Busstunden entfernten Hauptstadt Quito. Er lebt dort unter für uns unvorstellbaren Bedingungen und kann nur einmal im Monat übers Wochenende nach Hause kommen. Sein geringer Verdienst reicht gerade für das Nötigste.</p>
<p>Die Familie wohnt in der Lehmhütte der Großeltern auf etwa 3800 m Höhe. &nbsp;Die Behausung ist traditionell mit Stroh gedeckt, im ganzen Dorf gibt es nur einen Wasseranschluss. Strom ist vorhanden. Die Familie spricht&nbsp; Quichua, nur die Kinder haben Spanisch gelernt.</p>
<p><a href="http://ak.gibts.net/wordpress/wp-content/uploads/2017/04/Foto-3.jpg"><img loading="lazy" class="alignright size-medium wp-image-84" src="http://ak.gibts.net/wordpress/wp-content/uploads/2017/04/Foto-3-300x225.jpg" alt="" width="300" height="225" srcset="http://adolfo-kolping.de/wordpress/wp-content/uploads/2017/04/Foto-3-300x225.jpg 300w, http://adolfo-kolping.de/wordpress/wp-content/uploads/2017/04/Foto-3-768x576.jpg 768w, http://adolfo-kolping.de/wordpress/wp-content/uploads/2017/04/Foto-3-1024x768.jpg 1024w, http://adolfo-kolping.de/wordpress/wp-content/uploads/2017/04/Foto-3.jpg 1134w" sizes="(max-width: 300px) 100vw, 300px" /></a>Rings um die Hütte besitzen die Großeltern ein Stückchen Land, auf dem die Familie Mais, Bohnen und Getreide für den Eigenverbrauch anbaut. Da sie das Land nicht bewässern können, sind sie auf den spärlichen Regen angewiesen. Die Asche, die der nahe Vulkan täglich ausspuckt, macht zeitweise die Ernteerträge ungenießbar. Ein paar Meerschweinchen (Nutztiere in Ecuador, die zum Verzehr gehalten werden), Schweine, Hühner und eine Kuh gehören auch zu der kleinen Selbstversorger-Landwirtschaft.</p>
<p>Der Schulweg der Kinder zur Adolfo-Kolping-Schule beträgt etwa 45 Minuten bergab im Laufschritt. Bergauf nach Hause dauert es dann über eine Stunde.&nbsp; Morgens um 6.15 Uhr verlassen sie ihre Hütte und kommen erst gegen 17.00 Uhr nach Hause, kurz vor dem Dunkelwerden. Jorge und Carlos wollen Schreiner werden, Verónica macht eine Ausbildung im Fachbereich Gastronomie/Küche, um später als Köchin in einem Restaurant arbeiten zu können. Der größte Wunsch der Jugendlichen ist es, eine gute Arbeitsstelle zu bekommen, sozialversichert zu sein und die Familie zu unterstützen. Dann könnte auch der Vater sein unwürdiges Leben als Tagelöhner aufgeben und mit der Familie leben.</p>
<p>&nbsp;</p>

<p>Eine typische Indígena-Familie Gut lachen hat diese Indígena-Familie in „Agua Santa“, einem Bergdorf hoch oben in den Anden, denn die drei ältesten Kinder Jorge, Carlos und Verónica haben in der Adolfo-Kolping-Schule die Möglichkeit, einen Beruf zu erlernen!&nbsp; Auf dem Foto</p>
