{"id":8,"date":"2017-04-02T03:26:36","date_gmt":"2017-04-02T01:26:36","guid":{"rendered":"http:\/\/ak.gibts.net\/wordpress\/?page_id=8"},"modified":"2017-07-13T17:56:23","modified_gmt":"2017-07-13T15:56:23","slug":"voluntariat","status":"publish","type":"page","link":"http:\/\/adolfo-kolping.de\/wordpress\/?page_id=8","title":{"rendered":"Volontariat"},"content":{"rendered":"<p>Wir nehmen gerne junge Leute <strong>ab etwa 24\/25 Jahren<\/strong> auf, die Freude an einem Einsatz haben.<\/p>\n<p>&nbsp;<\/p>\n<p><strong>Voraussetzungen:<\/strong><\/p>\n<p><strong>&nbsp;<\/strong><\/p>\n<ol>\n<li><strong> Zertifikat \u00fcber gute Spanischkenntnisse<\/strong><\/li>\n<\/ol>\n<p>Es macht keinen Sinn, mit Kindern und Jugendlichen zu arbeiten und mit Menschen in einem anderen Kulturkreis zu leben, ohne deren Sprache zu verstehen\/zu sprechen. In der Schule und deren Umfeld spricht niemand Englisch, geschweige denn Deutsch. (Abiturzeugnis, DELE-Zertifikat mindestens Level B1, andere Best\u00e4tigungen)<\/p>\n<p>&nbsp;<\/p>\n<ol start=\"2\">\n<li><strong> Best\u00e4tigung des Hausarztes\/eines Arztes,<\/strong><\/li>\n<\/ol>\n<p>dass die\/der Freiwillige <strong>k\u00f6rperlich und psychisch<\/strong> in der Lage ist, auf 3000 m H\u00f6he in einem anderen Kulturkreis unter v\u00f6llig anderen hygienischen und klimatischen Bedingungen zu leben und zu arbeiten. Die \u00e4rztliche Versorgung in der Hauptstadt Quito ist zwar gut, aber Quito liegt vier Busstunden entfernt. Chronische oder psychische Erkrankungen k\u00f6nnen in der Regel <strong>nicht ausreichend<\/strong> behandelt werden.<\/p>\n<p>&nbsp;<\/p>\n<ol start=\"3\">\n<li><strong> Ein mindestens dreimonatiger Einsatz am St\u00fcck<\/strong><\/li>\n<\/ol>\n<p>Eine k\u00fcrzere Dauer ist nicht sinnvoll, da die Eingew\u00f6hnung in diesem so anderen Kultur- und Lebenskreis erfahrungsgem\u00e4\u00df eine gewisse Zeit dauert.<\/p>\n<p>&nbsp;<\/p>\n<ol start=\"4\">\n<li>Die Schule ist von Spenden abh\u00e4ngig. Wir k\u00f6nnen deshalb unseren Freiwilligen nur kostenlose Unterkunft bieten, dazu Fr\u00fchst\u00fcck und Mittagessen (von Montag bis Freitag). Vielf\u00e4ltige Einkaufs-m\u00f6glichkeiten sind gegeben.<\/li>\n<\/ol>\n<p><strong>Flugkosten, alle Versicherungen, Visa-Kosten, sowie alle anderen Lebenshaltungskosten k\u00f6nnen wir nicht \u00fcbernehmen. Ihr Visum organisieren Sie selbst in Ihrem Heimatland. <\/strong>(Ein Visum erteilt die ecuadorianische Botschaft in Ihrem Heimatland.)<\/p>\n<p>Die Freiwilligen arbeiten auf eigenes Risiko. Die Schule haftet nicht f\u00fcr Unf\u00e4lle, Krankheiten, Diebst\u00e4hle und sonstige Sch\u00e4den.<\/p>\n<p>Es ist <strong>nicht m\u00f6glich<\/strong>, dass zu Besuch weilende Freunde\/Freundinnen der Freiwilligen in der Schule \u00fcbernachten. (Es gibt gen\u00fcgend Unterkunftsm\u00f6glichkeiten im Dorf\/in Riobamba.)<\/p>\n<p>&nbsp;<\/p>\n<p>Nach einem pers\u00f6nlichen Kontakt- und Informationsgespr\u00e4ch mit mir entscheidet unsere Schulleiterin Janeth L\u00f3pez \u00fcber einen m\u00f6glichen Einsatz. Die Interessent\/Innen melden sich dann schriftlich bei Frau L\u00f3pez <strong>in Spanisch<\/strong>. Bitte geben Sie dabei auch an, wo\/wie Sie eingesetzt werden m\u00f6chten (Grundstufe\/ Sekundarstufe\/Kindergarten\/Werkst\u00e4tten) welche F\u00e4higkeiten\/Neigungen Sie haben, was Sie sich zutrauen und ob und wie Sie bisher schon im sozialen Bereich t\u00e4tig waren. Hilfreich ist auch ein kurzer Lebenslauf in Spanisch.<\/p>\n<p>&nbsp;<\/p>\n<p>Bitte planen Sie den Einsatz unbedingt <u>rechtzeitig und \u00fcberlegt<\/u>, denn wir haben immer sehr viele Anfragen!<\/p>\n<p><strong>&nbsp;<\/strong><\/p>\n<p><strong>Herausforderungen<\/strong><\/p>\n<p>Das Dorf Yaruquies, in dem die Schule liegt, sowie die 3 km entfernte Stadt Riobamba, bieten wenig Abwechslung f\u00fcr junge Leute. Dazu kommt, dass die Andenbewohner sehr zur\u00fcckhaltend sind, sehr familienbezogen. Man muss von sich aus auf die Menschen zugehen, wenn man Kontakt m\u00f6chte, sonst droht Einsamkeit. &nbsp;Die Schulleiterin, die Kolleginnen und Kollegen sind alle sehr nett und hilfsbereit und k\u00fcmmern sich um die Freiwilligen so gut es geht.<\/p>\n<p><strong>Stromausfall gibt es h\u00e4ufig, ebenso ist die Wasserversorgung nicht wirklich zuverl\u00e4ssig. <\/strong>Ganz in der N\u00e4he spuckt der Vulkan Tungurahua seit 15 Jahren st\u00e4ndig Asche und Lava. <strong>Vulkanasche geh\u00f6rt also zum t\u00e4glichen Leben, verunreinigt das Wasser und bringt mancherlei sonstige Unannehmlichkeiten. <\/strong><\/p>\n<p><strong>&nbsp;<\/strong><\/p>\n<p>Wenn Sie jetzt trotzdem \u201eja\u201c sagen, freuen wir uns auf Sie und Ihre Hilfe!<\/p>\n<p>Nehmen sie Kontakt auf mit:<\/p>\n<p>&nbsp;<\/p>\n<p>Gabriele Errerd<\/p>\n<p>ehrenamtliche Mitarbeiterin<\/p>\n<p><a href=\"mailto:gabriele.errerd@web.de\">gabriele.errerd@web.de<\/a><\/p>","protected":false},"excerpt":{"rendered":"<p>Wir nehmen gerne junge Leute ab etwa 24\/25 Jahren auf, die Freude an einem Einsatz haben. &nbsp; Voraussetzungen: &nbsp; Zertifikat \u00fcber gute Spanischkenntnisse Es macht keinen Sinn, mit Kindern und Jugendlichen zu arbeiten und mit Menschen in einem anderen Kulturkreis<\/p>\n","protected":false},"author":1,"featured_media":0,"parent":0,"menu_order":0,"comment_status":"closed","ping_status":"closed","template":"","meta":{"ngg_post_thumbnail":0},"_links":{"self":[{"href":"http:\/\/adolfo-kolping.de\/wordpress\/index.php?rest_route=\/wp\/v2\/pages\/8"}],"collection":[{"href":"http:\/\/adolfo-kolping.de\/wordpress\/index.php?rest_route=\/wp\/v2\/pages"}],"about":[{"href":"http:\/\/adolfo-kolping.de\/wordpress\/index.php?rest_route=\/wp\/v2\/types\/page"}],"author":[{"embeddable":true,"href":"http:\/\/adolfo-kolping.de\/wordpress\/index.php?rest_route=\/wp\/v2\/users\/1"}],"replies":[{"embeddable":true,"href":"http:\/\/adolfo-kolping.de\/wordpress\/index.php?rest_route=%2Fwp%2Fv2%2Fcomments&post=8"}],"version-history":[{"count":5,"href":"http:\/\/adolfo-kolping.de\/wordpress\/index.php?rest_route=\/wp\/v2\/pages\/8\/revisions"}],"predecessor-version":[{"id":461,"href":"http:\/\/adolfo-kolping.de\/wordpress\/index.php?rest_route=\/wp\/v2\/pages\/8\/revisions\/461"}],"wp:attachment":[{"href":"http:\/\/adolfo-kolping.de\/wordpress\/index.php?rest_route=%2Fwp%2Fv2%2Fmedia&parent=8"}],"curies":[{"name":"wp","href":"https:\/\/api.w.org\/{rel}","templated":true}]}}

<p>Wir nehmen gerne junge Leute <strong>ab etwa 24/25 Jahren</strong> auf, die Freude an einem Einsatz haben.</p>
<p>&nbsp;</p>
<p><strong>Voraussetzungen:</strong></p>
<p><strong>&nbsp;</strong></p>
<ol>
<li><strong> Zertifikat über gute Spanischkenntnisse</strong></li>
</ol>
<p>Es macht keinen Sinn, mit Kindern und Jugendlichen zu arbeiten und mit Menschen in einem anderen Kulturkreis zu leben, ohne deren Sprache zu verstehen/zu sprechen. In der Schule und deren Umfeld spricht niemand Englisch, geschweige denn Deutsch. (Abiturzeugnis, DELE-Zertifikat mindestens Level B1, andere Bestätigungen)</p>
<p>&nbsp;</p>
<ol start="2">
<li><strong> Bestätigung des Hausarztes/eines Arztes,</strong></li>
</ol>
<p>dass die/der Freiwillige <strong>körperlich und psychisch</strong> in der Lage ist, auf 3000 m Höhe in einem anderen Kulturkreis unter völlig anderen hygienischen und klimatischen Bedingungen zu leben und zu arbeiten. Die ärztliche Versorgung in der Hauptstadt Quito ist zwar gut, aber Quito liegt vier Busstunden entfernt. Chronische oder psychische Erkrankungen können in der Regel <strong>nicht ausreichend</strong> behandelt werden.</p>
<p>&nbsp;</p>
<ol start="3">
<li><strong> Ein mindestens dreimonatiger Einsatz am Stück</strong></li>
</ol>
<p>Eine kürzere Dauer ist nicht sinnvoll, da die Eingewöhnung in diesem so anderen Kultur- und Lebenskreis erfahrungsgemäß eine gewisse Zeit dauert.</p>
<p>&nbsp;</p>
<ol start="4">
<li>Die Schule ist von Spenden abhängig. Wir können deshalb unseren Freiwilligen nur kostenlose Unterkunft bieten, dazu Frühstück und Mittagessen (von Montag bis Freitag). Vielfältige Einkaufs-möglichkeiten sind gegeben.</li>
</ol>
<p><strong>Flugkosten, alle Versicherungen, Visa-Kosten, sowie alle anderen Lebenshaltungskosten können wir nicht übernehmen. Ihr Visum organisieren Sie selbst in Ihrem Heimatland. </strong>(Ein Visum erteilt die ecuadorianische Botschaft in Ihrem Heimatland.)</p>
<p>Die Freiwilligen arbeiten auf eigenes Risiko. Die Schule haftet nicht für Unfälle, Krankheiten, Diebstähle und sonstige Schäden.</p>
<p>Es ist <strong>nicht möglich</strong>, dass zu Besuch weilende Freunde/Freundinnen der Freiwilligen in der Schule übernachten. (Es gibt genügend Unterkunftsmöglichkeiten im Dorf/in Riobamba.)</p>
<p>&nbsp;</p>
<p>Nach einem persönlichen Kontakt- und Informationsgespräch mit mir entscheidet unsere Schulleiterin Janeth López über einen möglichen Einsatz. Die Interessent/Innen melden sich dann schriftlich bei Frau López <strong>in Spanisch</strong>. Bitte geben Sie dabei auch an, wo/wie Sie eingesetzt werden möchten (Grundstufe/ Sekundarstufe/Kindergarten/Werkstätten) welche Fähigkeiten/Neigungen Sie haben, was Sie sich zutrauen und ob und wie Sie bisher schon im sozialen Bereich tätig waren. Hilfreich ist auch ein kurzer Lebenslauf in Spanisch.</p>
<p>&nbsp;</p>
<p>Bitte planen Sie den Einsatz unbedingt <u>rechtzeitig und überlegt</u>, denn wir haben immer sehr viele Anfragen!</p>
<p><strong>&nbsp;</strong></p>
<p><strong>Herausforderungen</strong></p>
<p>Das Dorf Yaruquies, in dem die Schule liegt, sowie die 3 km entfernte Stadt Riobamba, bieten wenig Abwechslung für junge Leute. Dazu kommt, dass die Andenbewohner sehr zurückhaltend sind, sehr familienbezogen. Man muss von sich aus auf die Menschen zugehen, wenn man Kontakt möchte, sonst droht Einsamkeit. &nbsp;Die Schulleiterin, die Kolleginnen und Kollegen sind alle sehr nett und hilfsbereit und kümmern sich um die Freiwilligen so gut es geht.</p>
<p><strong>Stromausfall gibt es häufig, ebenso ist die Wasserversorgung nicht wirklich zuverlässig. </strong>Ganz in der Nähe spuckt der Vulkan Tungurahua seit 15 Jahren ständig Asche und Lava. <strong>Vulkanasche gehört also zum täglichen Leben, verunreinigt das Wasser und bringt mancherlei sonstige Unannehmlichkeiten. </strong></p>
<p><strong>&nbsp;</strong></p>
<p>Wenn Sie jetzt trotzdem „ja“ sagen, freuen wir uns auf Sie und Ihre Hilfe!</p>
<p>Nehmen sie Kontakt auf mit:</p>
<p>&nbsp;</p>
<p>Gabriele Errerd</p>
<p>ehrenamtliche Mitarbeiterin</p>
<p><a href="mailto:gabriele.errerd@web.de">gabriele.errerd@web.de</a></p>

<p>Wir nehmen gerne junge Leute ab etwa 24/25 Jahren auf, die Freude an einem Einsatz haben. &nbsp; Voraussetzungen: &nbsp; Zertifikat über gute Spanischkenntnisse Es macht keinen Sinn, mit Kindern und Jugendlichen zu arbeiten und mit Menschen in einem anderen Kulturkreis</p>
